{"id":1309,"date":"2022-08-13T12:14:45","date_gmt":"2022-08-13T10:14:45","guid":{"rendered":"https:\/\/slvicomtais.fr\/?page_id=1309"},"modified":"2026-03-27T16:25:36","modified_gmt":"2026-03-27T15:25:36","slug":"handfit","status":"publish","type":"page","link":"https:\/\/slvicomtais.fr\/?page_id=1309","title":{"rendered":"Hand-fit"},"content":{"rendered":"\n<p><\/p>\n\n\n\n<h2 class=\"wp-block-heading has-theme-palette-1-color has-text-color\">qu&rsquo;est ce que le hand-fit ?<\/h2>\n\n\n\n<div class=\"wp-block-media-text alignwide is-stacked-on-mobile\" style=\"grid-template-columns:23% auto\"><figure class=\"wp-block-media-text__media\"><img loading=\"lazy\" decoding=\"async\" width=\"551\" height=\"551\" src=\"https:\/\/slvicomtais.fr\/wp-content\/uploads\/2022\/08\/handfit-logo.png\" alt=\"\" class=\"wp-image-1312 size-full\" srcset=\"https:\/\/slvicomtais.fr\/wp-content\/uploads\/2022\/08\/handfit-logo.png 551w, https:\/\/slvicomtais.fr\/wp-content\/uploads\/2022\/08\/handfit-logo-300x300.png 300w, https:\/\/slvicomtais.fr\/wp-content\/uploads\/2022\/08\/handfit-logo-150x150.png 150w\" sizes=\"auto, (max-width: 551px) 100vw, 551px\" \/><\/figure><div class=\"wp-block-media-text__content\">\n<p>Le Handfit est une activit\u00e9 de \u00ab&nbsp;Plaisir \u2013 Sant\u00e9 \u2013 Bien-\u00eatre&nbsp;\u00bb. On y vient pratiquer une activit\u00e9 physique, en groupe, avec le souhait de son bien-\u00eatre, de sa sant\u00e9 mais surtout dans une optique d\u2019\u00e9changes et de convivialit\u00e9. La recherche du plaisir et d\u2019une dynamique de groupe est un \u00e9l\u00e9ment essentiel du Handfit.<\/p>\n\n\n\n<p>En ce sens, le Handfit est une pratique collective au service de la sant\u00e9 de l\u2019individu. Il contribue \u00e0 limiter la fatigue, \u00e0 lutter contre le stress, \u00e0 pratiquer une activit\u00e9 physique mais aussi \u00e0 renforcer les liens sociaux&nbsp;!<\/p>\n<\/div><\/div>\n\n\n\n<div class=\"wp-block-columns is-layout-flex wp-container-core-columns-is-layout-9d6595d7 wp-block-columns-is-layout-flex\">\n<div class=\"wp-block-column is-layout-flow wp-block-column-is-layout-flow\"><div class=\"wp-block-image\">\n<figure class=\"aligncenter size-full is-resized\"><img loading=\"lazy\" decoding=\"async\" width=\"371\" height=\"232\" src=\"https:\/\/slvicomtais.fr\/wp-content\/uploads\/2022\/08\/unnamed-file.png\" alt=\"\" class=\"wp-image-1325\" style=\"width:278px;height:174px\" srcset=\"https:\/\/slvicomtais.fr\/wp-content\/uploads\/2022\/08\/unnamed-file.png 371w, https:\/\/slvicomtais.fr\/wp-content\/uploads\/2022\/08\/unnamed-file-300x188.png 300w\" sizes=\"auto, (max-width: 371px) 100vw, 371px\" \/><\/figure>\n<\/div><\/div>\n\n\n\n<div class=\"wp-block-column is-layout-flow wp-block-column-is-layout-flow\"><div class=\"wp-block-image\">\n<figure class=\"aligncenter size-full is-resized\"><img loading=\"lazy\" decoding=\"async\" width=\"372\" height=\"231\" src=\"https:\/\/slvicomtais.fr\/wp-content\/uploads\/2022\/08\/mm.png\" alt=\"\" class=\"wp-image-1326\" style=\"width:279px;height:173px\" srcset=\"https:\/\/slvicomtais.fr\/wp-content\/uploads\/2022\/08\/mm.png 372w, https:\/\/slvicomtais.fr\/wp-content\/uploads\/2022\/08\/mm-300x186.png 300w\" sizes=\"auto, (max-width: 372px) 100vw, 372px\" \/><\/figure>\n<\/div><\/div>\n\n\n\n<div class=\"wp-block-column is-layout-flow wp-block-column-is-layout-flow\"><div class=\"wp-block-image\">\n<figure class=\"aligncenter size-full is-resized\"><img loading=\"lazy\" decoding=\"async\" width=\"367\" height=\"232\" src=\"https:\/\/slvicomtais.fr\/wp-content\/uploads\/2022\/08\/e.png\" alt=\"\" class=\"wp-image-1328\" style=\"width:275px;height:174px\" srcset=\"https:\/\/slvicomtais.fr\/wp-content\/uploads\/2022\/08\/e.png 367w, https:\/\/slvicomtais.fr\/wp-content\/uploads\/2022\/08\/e-300x190.png 300w\" sizes=\"auto, (max-width: 367px) 100vw, 367px\" \/><\/figure>\n<\/div><\/div>\n<\/div>\n\n\n\n<div class=\"wp-block-columns is-layout-flex wp-container-core-columns-is-layout-9d6595d7 wp-block-columns-is-layout-flex\">\n<div class=\"wp-block-column is-layout-flow wp-block-column-is-layout-flow\">\n<h2 class=\"wp-block-heading has-text-align-center has-theme-palette-1-color has-text-color has-medium-font-size\">UNE PRATIQUE MODERNE ET ACCESSIBLE<\/h2>\n<\/div>\n\n\n\n<div class=\"wp-block-column is-layout-flow wp-block-column-is-layout-flow\">\n<h2 class=\"wp-block-heading has-text-align-center has-theme-palette-1-color has-text-color has-medium-font-size\">UNE PRATIQUE <br>INNOVANTE<\/h2>\n<\/div>\n\n\n\n<div class=\"wp-block-column is-layout-flow wp-block-column-is-layout-flow\">\n<h2 class=\"wp-block-heading has-text-align-center has-theme-palette-1-color has-text-color has-medium-font-size\">UNE PRATIQUE ACCOMPAGNEE<\/h2>\n<\/div>\n<\/div>\n\n\n\n<div class=\"wp-block-columns is-layout-flex wp-container-core-columns-is-layout-9d6595d7 wp-block-columns-is-layout-flex\">\n<div class=\"wp-block-column is-layout-flow wp-block-column-is-layout-flow\">\n<p class=\"has-text-align-center has-theme-palette-3-color has-text-color\">S\u00e9ance courte (1h00) et adapt\u00e9e \u00e0 tous les lieux&nbsp;: salle, ext\u00e9rieur, gymnase\u2026<\/p>\n<\/div>\n\n\n\n<div class=\"wp-block-column is-layout-flow wp-block-column-is-layout-flow\">\n<p class=\"has-text-align-center has-theme-palette-3-color has-text-color\">Plusieurs types de ballons de handball&nbsp;: ballons, balles, mat\u00e9riel Handroll&nbsp;: massage profond qui entraine un rel\u00e2chement musculaire id\u00e9al pour r\u00e9duire les tensions musculaires.<\/p>\n<\/div>\n\n\n\n<div class=\"wp-block-column is-layout-flow wp-block-column-is-layout-flow\">\n<p class=\"has-text-align-center\">L\u2019animateur, le coach Handfit est form\u00e9 \u00e0 l\u2019accompagnement des pratiquants, et \u00e0 la pr\u00e9vention des conduites \u00e0 risque.<\/p>\n<\/div>\n<\/div>\n\n\n\n<h2 class=\"wp-block-heading\">LES DIFFERENTS EXERCICES PROPOSES :<\/h2>\n\n\n\n<figure class=\"wp-block-image size-full is-resized\"><img loading=\"lazy\" decoding=\"async\" width=\"1315\" height=\"740\" src=\"https:\/\/slvicomtais.fr\/wp-content\/uploads\/2022\/08\/handfit-blanc-2.png\" alt=\"\" class=\"wp-image-1330\" style=\"width:986px;height:555px\" srcset=\"https:\/\/slvicomtais.fr\/wp-content\/uploads\/2022\/08\/handfit-blanc-2.png 1315w, https:\/\/slvicomtais.fr\/wp-content\/uploads\/2022\/08\/handfit-blanc-2-300x169.png 300w, https:\/\/slvicomtais.fr\/wp-content\/uploads\/2022\/08\/handfit-blanc-2-1024x576.png 1024w, https:\/\/slvicomtais.fr\/wp-content\/uploads\/2022\/08\/handfit-blanc-2-768x432.png 768w\" sizes=\"auto, (max-width: 1315px) 100vw, 1315px\" \/><\/figure>\n\n\n\n<h2 class=\"wp-block-heading\">lE HANDFIT AU SEIN DU club :<\/h2>\n\n\n\n<p><\/p>\n\n\n\n<div class=\"wp-block-media-text alignwide is-stacked-on-mobile\"><figure class=\"wp-block-media-text__media\"><img loading=\"lazy\" decoding=\"async\" width=\"1024\" height=\"768\" src=\"https:\/\/slvicomtais.fr\/wp-content\/uploads\/2022\/08\/IMG_2228-1024x768.jpg\" alt=\"\" class=\"wp-image-1324 size-full\" srcset=\"https:\/\/slvicomtais.fr\/wp-content\/uploads\/2022\/08\/IMG_2228-1024x768.jpg 1024w, https:\/\/slvicomtais.fr\/wp-content\/uploads\/2022\/08\/IMG_2228-300x225.jpg 300w, https:\/\/slvicomtais.fr\/wp-content\/uploads\/2022\/08\/IMG_2228-768x576.jpg 768w, https:\/\/slvicomtais.fr\/wp-content\/uploads\/2022\/08\/IMG_2228-1536x1152.jpg 1536w, https:\/\/slvicomtais.fr\/wp-content\/uploads\/2022\/08\/IMG_2228-2048x1536.jpg 2048w\" sizes=\"auto, (max-width: 1024px) 100vw, 1024px\" \/><\/figure><div class=\"wp-block-media-text__content\">\n<h2 class=\"wp-block-heading has-theme-palette-1-color has-text-color has-medium-font-size\">NOTRE ANIMATEUR &#8211; ENCADRANT <\/h2>\n\n\n\n<p>Louis LE BIAVANT<br>Apprenti en BPJEPS APT\/LTP \u2013 Activit\u00e9s Physiques pour Tous -Loisirs Tous Publics<\/p>\n\n\n\n<h2 class=\"wp-block-heading has-theme-palette-1-color has-text-color has-medium-font-size\">organisation<\/h2>\n\n\n\n<p><strong><span style=\"text-decoration: underline;\">Entrainement <\/span><\/strong>: Mardi Soir de 19h45- 20H45<br> Samedi matin de 11h00 \u00e0 12h00<br><br><strong><span style=\"text-decoration: underline;\">Lieu <\/span><\/strong>: Complexe Cyril Dumoulin &#8211; 85310 LA CHAIZE LE VICOMTE<\/p>\n\n\n\n<p><strong><span style=\"text-decoration: underline;\">Tarif <\/span><\/strong>: 110 \u20ac<\/p>\n<\/div><\/div>\n\n\n\n<div class=\"wp-block-media-text alignwide has-media-on-the-right is-stacked-on-mobile\"><div class=\"wp-block-media-text__content\">\n<p class=\"has-text-align-center has-theme-palette-3-color has-text-color has-medium-font-size\"><br><strong><em>Vous souhaitez des renseignements ?<\/em><\/strong><\/p>\n\n\n\n<div class=\"wp-block-buttons is-content-justification-center is-layout-flex wp-container-core-buttons-is-layout-16018d1d wp-block-buttons-is-layout-flex\">\n<div class=\"wp-block-button\"><a class=\"wp-block-button__link wp-element-button\" href=\"https:\/\/slvicomtais.fr\/?page_id=39\">nous contactez<\/a><\/div>\n<\/div>\n\n\n\n<p class=\"has-text-align-center has-medium-font-size\"><em><strong>Vous souhaitez prendre une licence ?<\/strong><\/em><\/p>\n\n\n\n<div class=\"wp-block-buttons is-content-justification-center is-layout-flex wp-container-core-buttons-is-layout-16018d1d wp-block-buttons-is-layout-flex\">\n<div class=\"wp-block-button\"><a class=\"wp-block-button__link wp-element-button\" href=\"https:\/\/slvicomtais.fr\/?page_id=1214\">licences<\/a><\/div>\n<\/div>\n<\/div><figure class=\"wp-block-media-text__media\"><img loading=\"lazy\" decoding=\"async\" width=\"1024\" height=\"721\" src=\"https:\/\/slvicomtais.fr\/wp-content\/uploads\/2026\/03\/9-1024x721.jpg\" alt=\"\" class=\"wp-image-2234 size-full\" srcset=\"https:\/\/slvicomtais.fr\/wp-content\/uploads\/2026\/03\/9-1024x721.jpg 1024w, https:\/\/slvicomtais.fr\/wp-content\/uploads\/2026\/03\/9-300x211.jpg 300w, https:\/\/slvicomtais.fr\/wp-content\/uploads\/2026\/03\/9-768x541.jpg 768w, https:\/\/slvicomtais.fr\/wp-content\/uploads\/2026\/03\/9-1536x1082.jpg 1536w, https:\/\/slvicomtais.fr\/wp-content\/uploads\/2026\/03\/9.jpg 2000w\" sizes=\"auto, (max-width: 1024px) 100vw, 1024px\" \/><\/figure><\/div>\n","protected":false},"excerpt":{"rendered":"<p>qu&rsquo;est ce que le hand-fit ? Le Handfit est une activit\u00e9 de \u00ab&nbsp;Plaisir \u2013 Sant\u00e9 \u2013 Bien-\u00eatre&nbsp;\u00bb. On y vient pratiquer une activit\u00e9 physique, en groupe, avec le souhait de son bien-\u00eatre, de sa sant\u00e9 mais surtout dans une optique d\u2019\u00e9changes et de convivialit\u00e9. La recherche du plaisir et d\u2019une dynamique de groupe est un&#8230;<\/p>\n","protected":false},"author":3,"featured_media":0,"parent":0,"menu_order":0,"comment_status":"closed","ping_status":"closed","template":"","meta":{"_kadence_starter_templates_imported_post":false,"_kad_post_transparent":"","_kad_post_title":"","_kad_post_layout":"","_kad_post_sidebar_id":"","_kad_post_content_style":"","_kad_post_vertical_padding":"","_kad_post_feature":"","_kad_post_feature_position":"","_kad_post_header":false,"_kad_post_footer":false,"footnotes":""},"class_list":["post-1309","page","type-page","status-publish","hentry"],"_links":{"self":[{"href":"https:\/\/slvicomtais.fr\/index.php?rest_route=\/wp\/v2\/pages\/1309","targetHints":{"allow":["GET"]}}],"collection":[{"href":"https:\/\/slvicomtais.fr\/index.php?rest_route=\/wp\/v2\/pages"}],"about":[{"href":"https:\/\/slvicomtais.fr\/index.php?rest_route=\/wp\/v2\/types\/page"}],"author":[{"embeddable":true,"href":"https:\/\/slvicomtais.fr\/index.php?rest_route=\/wp\/v2\/users\/3"}],"replies":[{"embeddable":true,"href":"https:\/\/slvicomtais.fr\/index.php?rest_route=%2Fwp%2Fv2%2Fcomments&post=1309"}],"version-history":[{"count":15,"href":"https:\/\/slvicomtais.fr\/index.php?rest_route=\/wp\/v2\/pages\/1309\/revisions"}],"predecessor-version":[{"id":2235,"href":"https:\/\/slvicomtais.fr\/index.php?rest_route=\/wp\/v2\/pages\/1309\/revisions\/2235"}],"wp:attachment":[{"href":"https:\/\/slvicomtais.fr\/index.php?rest_route=%2Fwp%2Fv2%2Fmedia&parent=1309"}],"curies":[{"name":"wp","href":"https:\/\/api.w.org\/{rel}","templated":true}]}}