{"id":1282,"date":"2022-08-12T21:18:07","date_gmt":"2022-08-12T19:18:07","guid":{"rendered":"https:\/\/slvicomtais.fr\/?page_id=1282"},"modified":"2026-03-27T16:05:45","modified_gmt":"2026-03-27T15:05:45","slug":"equipes-jeunes-feminines","status":"publish","type":"page","link":"https:\/\/slvicomtais.fr\/?page_id=1282","title":{"rendered":"SECTEUR FEMININ"},"content":{"rendered":"\n<p class=\"has-text-align-center has-large-font-size\"><strong><em>SECTEUR FEMININ<\/em><\/strong><\/p>\n\n\n\n<div class=\"wp-block-media-text alignwide is-stacked-on-mobile\" style=\"grid-template-columns:49% auto\"><figure class=\"wp-block-media-text__media\"><img loading=\"lazy\" decoding=\"async\" width=\"1024\" height=\"721\" src=\"https:\/\/slvicomtais.fr\/wp-content\/uploads\/2026\/03\/2-1024x721.jpg\" alt=\"\" class=\"wp-image-2222 size-full\" srcset=\"https:\/\/slvicomtais.fr\/wp-content\/uploads\/2026\/03\/2-1024x721.jpg 1024w, https:\/\/slvicomtais.fr\/wp-content\/uploads\/2026\/03\/2-300x211.jpg 300w, https:\/\/slvicomtais.fr\/wp-content\/uploads\/2026\/03\/2-768x541.jpg 768w, https:\/\/slvicomtais.fr\/wp-content\/uploads\/2026\/03\/2-1536x1082.jpg 1536w, https:\/\/slvicomtais.fr\/wp-content\/uploads\/2026\/03\/2.jpg 2000w\" sizes=\"auto, (max-width: 1024px) 100vw, 1024px\" \/><\/figure><div class=\"wp-block-media-text__content\">\n<h1 class=\"wp-block-heading has-theme-palette-1-color has-text-color has-link-color has-medium-font-size wp-elements-4e49afc902a5c20f701845b86a2587b0\"><br><strong><strong><em><strong><em>U11 FILLES<\/em><\/strong><\/em><\/strong><\/strong><\/h1>\n\n\n\n<p class=\"has-small-font-size\"><strong>Entraineur <\/strong>: Louis Le Biavant<br><br><strong>Entrainements\u00a0:<\/strong> <br>Jeudi : 17h15 \u00e0 18h15<br><br><strong>Coach\u00a0: <\/strong><\/p>\n\n\n\n<p class=\"has-theme-palette-4-color has-text-color has-link-color has-small-font-size wp-elements-b354fbbca98d0f3449190675fc581c4c\"><strong>Championnat : <\/strong>Non comp\u00e9titif <br>Suivez les r\u00e9sultats : <a href=\"https:\/\/www.ffhandball.fr\/competitions\/saison-2025-2026-21\/departemental\/u11f-85-non-competitives-27947\/\">U11f 85 &#8211; Calendrier &amp; R\u00e9sultats &#8211; F\u00e9d\u00e9ration Fran\u00e7aise de Handball<\/a><br><\/p>\n<\/div><\/div>\n\n\n\n<div class=\"wp-block-media-text alignwide has-media-on-the-right is-stacked-on-mobile\"><div class=\"wp-block-media-text__content\">\n<h1 class=\"wp-block-heading has-theme-palette-1-color has-text-color has-medium-font-size\"><br><strong><em><strong><em>U13 FILLES<\/em><\/strong><\/em><\/strong><\/h1>\n\n\n\n<p class=\"has-small-font-size\"><strong>Entraineur <\/strong>: Louis Le Biavant <br><br><strong>Entrainements\u00a0:<\/strong> <br>Mardi : 18h15 \u00e0 19h45<br>Mercredi : 15h15 \u00e0 16h30 <br><br><strong>Coachs\u00a0<\/strong>: Louis Le Biavant <\/p>\n\n\n\n<p class=\"has-small-font-size\"><strong>Championnat : <\/strong>Division 1<br>Suivez les r\u00e9sultats : <a href=\"https:\/\/www.ffhandball.fr\/competitions\/saison-2025-2026-21\/departemental\/u13f-85-27932\/\">U13f 85 &#8211; Calendrier &amp; R\u00e9sultats &#8211; F\u00e9d\u00e9ration Fran\u00e7aise de Handball<\/a><br><\/p>\n<\/div><figure class=\"wp-block-media-text__media\"><img loading=\"lazy\" decoding=\"async\" width=\"1024\" height=\"721\" src=\"https:\/\/slvicomtais.fr\/wp-content\/uploads\/2026\/03\/4-1024x721.jpg\" alt=\"\" class=\"wp-image-2224 size-full\" srcset=\"https:\/\/slvicomtais.fr\/wp-content\/uploads\/2026\/03\/4-1024x721.jpg 1024w, https:\/\/slvicomtais.fr\/wp-content\/uploads\/2026\/03\/4-300x211.jpg 300w, https:\/\/slvicomtais.fr\/wp-content\/uploads\/2026\/03\/4-768x541.jpg 768w, https:\/\/slvicomtais.fr\/wp-content\/uploads\/2026\/03\/4-1536x1082.jpg 1536w, https:\/\/slvicomtais.fr\/wp-content\/uploads\/2026\/03\/4.jpg 2000w\" sizes=\"auto, (max-width: 1024px) 100vw, 1024px\" \/><\/figure><\/div>\n\n\n\n<div class=\"wp-block-media-text alignwide is-stacked-on-mobile\"><figure class=\"wp-block-media-text__media\"><img loading=\"lazy\" decoding=\"async\" width=\"225\" height=\"225\" src=\"https:\/\/slvicomtais.fr\/wp-content\/uploads\/2026\/03\/Unknown.png\" alt=\"\" class=\"wp-image-2225 size-full\" srcset=\"https:\/\/slvicomtais.fr\/wp-content\/uploads\/2026\/03\/Unknown.png 225w, https:\/\/slvicomtais.fr\/wp-content\/uploads\/2026\/03\/Unknown-150x150.png 150w\" sizes=\"auto, (max-width: 225px) 100vw, 225px\" \/><\/figure><div class=\"wp-block-media-text__content\">\n<p><\/p>\n\n\n\n<h2 class=\"wp-block-heading has-text-align-left has-theme-palette-1-color has-text-color has-medium-font-size\"><strong><em><strong><em>U15 FILLES<\/em><\/strong><\/em><\/strong>  2026-2027<\/h2>\n\n\n\n<p class=\"has-small-font-size\"><strong>Entraineur <\/strong>: <br><br><strong>Entrainements\u00a0:<\/strong>\u00a0<br><br><strong>Coach\u00a0<\/strong>: <br><br><strong>Championnat : <\/strong><\/p>\n\n\n\n<p style=\"font-size:13px\"><\/p>\n<\/div><\/div>\n\n\n\n<div class=\"wp-block-media-text alignwide has-media-on-the-right is-stacked-on-mobile\"><div class=\"wp-block-media-text__content\">\n<h2 class=\"wp-block-heading has--font-size\"><br><strong><mark style=\"background-color:rgba(0, 0, 0, 0)\" class=\"has-inline-color has-theme-palette-1-color\"><sup>U17 FILLES<\/sup> <\/mark> <\/strong><\/h2>\n\n\n\n<p class=\"has-small-font-size\"><strong>Entraineur <\/strong>: Louis Le Biavant <br><br><strong>Entrainements\u00a0:<\/strong>\u00a0<br>Mercredi : 16h30-18Hh00 <br>Vendredi : 18h00-19h30 <br><br><strong>Coach\u00a0<\/strong>: Ludovic Guitton &#8211;<\/p>\n\n\n\n<p class=\"has-small-font-size\"><strong>Championnat : <\/strong>Division 1 <br>Suivez les r\u00e9sultats : <a href=\"https:\/\/www.ffhandball.fr\/competitions\/saison-2025-2026-21\/departemental\/u17f-85-27930\/\">Division 1 F\u00e9minine Territoriale &#8211; Calendrier et R\u00e9sultats<\/a><br><\/p>\n\n\n\n<p class=\"has-small-font-size\"><em><span style=\"text-decoration: underline;\">Cr\u00e9dit photo<\/span> : <\/em>2B &#8211; B\u00e9r\u00e9nice <\/p>\n<\/div><figure class=\"wp-block-media-text__media\"><img loading=\"lazy\" decoding=\"async\" width=\"1024\" height=\"721\" src=\"https:\/\/slvicomtais.fr\/wp-content\/uploads\/2026\/03\/16-1024x721.jpg\" alt=\"\" class=\"wp-image-2226 size-full\" srcset=\"https:\/\/slvicomtais.fr\/wp-content\/uploads\/2026\/03\/16-1024x721.jpg 1024w, https:\/\/slvicomtais.fr\/wp-content\/uploads\/2026\/03\/16-300x211.jpg 300w, https:\/\/slvicomtais.fr\/wp-content\/uploads\/2026\/03\/16-768x541.jpg 768w, https:\/\/slvicomtais.fr\/wp-content\/uploads\/2026\/03\/16-1536x1082.jpg 1536w, https:\/\/slvicomtais.fr\/wp-content\/uploads\/2026\/03\/16.jpg 2000w\" sizes=\"auto, (max-width: 1024px) 100vw, 1024px\" \/><\/figure><\/div>\n\n\n\n<div class=\"wp-block-media-text alignwide is-stacked-on-mobile\"><figure class=\"wp-block-media-text__media\"><img loading=\"lazy\" decoding=\"async\" width=\"1024\" height=\"721\" src=\"https:\/\/slvicomtais.fr\/wp-content\/uploads\/2026\/02\/18-1024x721.jpg\" alt=\"\" class=\"wp-image-2175 size-full\" srcset=\"https:\/\/slvicomtais.fr\/wp-content\/uploads\/2026\/02\/18-1024x721.jpg 1024w, https:\/\/slvicomtais.fr\/wp-content\/uploads\/2026\/02\/18-300x211.jpg 300w, https:\/\/slvicomtais.fr\/wp-content\/uploads\/2026\/02\/18-768x541.jpg 768w, https:\/\/slvicomtais.fr\/wp-content\/uploads\/2026\/02\/18-1536x1082.jpg 1536w, https:\/\/slvicomtais.fr\/wp-content\/uploads\/2026\/02\/18.jpg 2000w\" sizes=\"auto, (max-width: 1024px) 100vw, 1024px\" \/><\/figure><div class=\"wp-block-media-text__content\">\n<p class=\"has-theme-palette-1-color has-text-color has-link-color has-medium-font-size wp-elements-8ca81938903c573dbbdbe0954f365a99\"><br><em><strong>SENIORS FILLES <\/strong><\/em><\/p>\n\n\n\n<p class=\"has-small-font-size\"><strong>Entraineur <\/strong>: Wilfried <br><br><strong>Entrainements\u00a0:<\/strong>\u00a0<br>Mercredi : 19h30-21h00 \u00e0 la Ferri\u00e8re<br>Vendredi : 19h30-21h00 \u00e0 la Chaize (alternance avec les seniors gar\u00e7ons) <br><br><strong>Coach\u00a0<\/strong>: Wilfried <\/p>\n\n\n\n<p class=\"has-small-font-size\"><strong>Championnat : <\/strong><\/p>\n\n\n\n<p class=\"has-small-font-size\">Equipe 1 : Excellence F\u00e9minine R\u00e9gionale <a href=\"https:\/\/www.ffhandball.fr\/competitions\/saison-2025-2026-21\/regional\/excfpl-excellence-feminine-regionale-28411\/\">EXCELLENCE FEMININE REGIONALE Calendrier et R\u00e9sultats<\/a><\/p>\n\n\n\n<p class=\"has-small-font-size\">Equipe 2 : 2\u00e8me Division D\u00e9partementale<br>Suivez les r\u00e9sultats : <a href=\"https:\/\/www.ffhandball.fr\/competitions\/saison-2024-2025-20\/regional\/hfpl-honneur-feminine-regionale-25764\/\"><\/a><a href=\"https:\/\/www.ffhandball.fr\/competitions\/saison-2025-2026-21\/regional\/d2fpl-division-2-feminine-territoriale-28414\/\">D2fpl ; Division 2 Feminine Territoriale ; &#8211; Calendrier &amp; R\u00e9sultats &#8211; F\u00e9d\u00e9ration Fran\u00e7aise de Handball<\/a><\/p>\n\n\n\n<p class=\"has-small-font-size\"><em><span style=\"text-decoration: underline;\">Cr\u00e9dit photo<\/span> : <\/em>2B &#8211; B\u00e9r\u00e9nice <\/p>\n<\/div><\/div>\n","protected":false},"excerpt":{"rendered":"<p>SECTEUR FEMININ U11 FILLES Entraineur : Louis Le Biavant Entrainements\u00a0: Jeudi : 17h15 \u00e0 18h15 Coach\u00a0: Championnat : Non comp\u00e9titif Suivez les r\u00e9sultats : U11f 85 &#8211; Calendrier &amp; R\u00e9sultats &#8211; F\u00e9d\u00e9ration Fran\u00e7aise de Handball U13 FILLES Entraineur : Louis Le Biavant Entrainements\u00a0: Mardi : 18h15 \u00e0 19h45Mercredi : 15h15 \u00e0 16h30 Coachs\u00a0: Louis Le&#8230;<\/p>\n","protected":false},"author":3,"featured_media":0,"parent":0,"menu_order":0,"comment_status":"closed","ping_status":"closed","template":"","meta":{"_kadence_starter_templates_imported_post":false,"_kad_post_transparent":"","_kad_post_title":"","_kad_post_layout":"","_kad_post_sidebar_id":"","_kad_post_content_style":"","_kad_post_vertical_padding":"","_kad_post_feature":"","_kad_post_feature_position":"","_kad_post_header":false,"_kad_post_footer":false,"footnotes":""},"class_list":["post-1282","page","type-page","status-publish","hentry"],"_links":{"self":[{"href":"https:\/\/slvicomtais.fr\/index.php?rest_route=\/wp\/v2\/pages\/1282","targetHints":{"allow":["GET"]}}],"collection":[{"href":"https:\/\/slvicomtais.fr\/index.php?rest_route=\/wp\/v2\/pages"}],"about":[{"href":"https:\/\/slvicomtais.fr\/index.php?rest_route=\/wp\/v2\/types\/page"}],"author":[{"embeddable":true,"href":"https:\/\/slvicomtais.fr\/index.php?rest_route=\/wp\/v2\/users\/3"}],"replies":[{"embeddable":true,"href":"https:\/\/slvicomtais.fr\/index.php?rest_route=%2Fwp%2Fv2%2Fcomments&post=1282"}],"version-history":[{"count":27,"href":"https:\/\/slvicomtais.fr\/index.php?rest_route=\/wp\/v2\/pages\/1282\/revisions"}],"predecessor-version":[{"id":2227,"href":"https:\/\/slvicomtais.fr\/index.php?rest_route=\/wp\/v2\/pages\/1282\/revisions\/2227"}],"wp:attachment":[{"href":"https:\/\/slvicomtais.fr\/index.php?rest_route=%2Fwp%2Fv2%2Fmedia&parent=1282"}],"curies":[{"name":"wp","href":"https:\/\/api.w.org\/{rel}","templated":true}]}}

<p class="has-text-align-center has-large-font-size"><strong><em>SECTEUR FEMININ</em></strong></p>



<div class="wp-block-media-text alignwide is-stacked-on-mobile" style="grid-template-columns:49% auto"><figure class="wp-block-media-text__media"><img loading="lazy" decoding="async" width="1024" height="721" src="https://slvicomtais.fr/wp-content/uploads/2026/03/2-1024x721.jpg" alt="" class="wp-image-2222 size-full" srcset="https://slvicomtais.fr/wp-content/uploads/2026/03/2-1024x721.jpg 1024w, https://slvicomtais.fr/wp-content/uploads/2026/03/2-300x211.jpg 300w, https://slvicomtais.fr/wp-content/uploads/2026/03/2-768x541.jpg 768w, https://slvicomtais.fr/wp-content/uploads/2026/03/2-1536x1082.jpg 1536w, https://slvicomtais.fr/wp-content/uploads/2026/03/2.jpg 2000w" sizes="auto, (max-width: 1024px) 100vw, 1024px" /></figure><div class="wp-block-media-text__content">
<h1 class="wp-block-heading has-theme-palette-1-color has-text-color has-link-color has-medium-font-size wp-elements-4e49afc902a5c20f701845b86a2587b0"><br><strong><strong><em><strong><em>U11 FILLES</em></strong></em></strong></strong></h1>



<p class="has-small-font-size"><strong>Entraineur </strong>: Louis Le Biavant<br><br><strong>Entrainements :</strong> <br>Jeudi : 17h15 à 18h15<br><br><strong>Coach : </strong></p>



<p class="has-theme-palette-4-color has-text-color has-link-color has-small-font-size wp-elements-b354fbbca98d0f3449190675fc581c4c"><strong>Championnat : </strong>Non compétitif <br>Suivez les résultats : <a href="https://www.ffhandball.fr/competitions/saison-2025-2026-21/departemental/u11f-85-non-competitives-27947/">U11f 85 &#8211; Calendrier &amp; Résultats &#8211; Fédération Française de Handball</a><br></p>
</div></div>



<div class="wp-block-media-text alignwide has-media-on-the-right is-stacked-on-mobile"><div class="wp-block-media-text__content">
<h1 class="wp-block-heading has-theme-palette-1-color has-text-color has-medium-font-size"><br><strong><em><strong><em>U13 FILLES</em></strong></em></strong></h1>



<p class="has-small-font-size"><strong>Entraineur </strong>: Louis Le Biavant <br><br><strong>Entrainements :</strong> <br>Mardi : 18h15 à 19h45<br>Mercredi : 15h15 à 16h30 <br><br><strong>Coachs </strong>: Louis Le Biavant </p>



<p class="has-small-font-size"><strong>Championnat : </strong>Division 1<br>Suivez les résultats : <a href="https://www.ffhandball.fr/competitions/saison-2025-2026-21/departemental/u13f-85-27932/">U13f 85 &#8211; Calendrier &amp; Résultats &#8211; Fédération Française de Handball</a><br></p>
</div><figure class="wp-block-media-text__media"><img loading="lazy" decoding="async" width="1024" height="721" src="https://slvicomtais.fr/wp-content/uploads/2026/03/4-1024x721.jpg" alt="" class="wp-image-2224 size-full" srcset="https://slvicomtais.fr/wp-content/uploads/2026/03/4-1024x721.jpg 1024w, https://slvicomtais.fr/wp-content/uploads/2026/03/4-300x211.jpg 300w, https://slvicomtais.fr/wp-content/uploads/2026/03/4-768x541.jpg 768w, https://slvicomtais.fr/wp-content/uploads/2026/03/4-1536x1082.jpg 1536w, https://slvicomtais.fr/wp-content/uploads/2026/03/4.jpg 2000w" sizes="auto, (max-width: 1024px) 100vw, 1024px" /></figure></div>



<div class="wp-block-media-text alignwide is-stacked-on-mobile"><figure class="wp-block-media-text__media"><img loading="lazy" decoding="async" width="225" height="225" src="https://slvicomtais.fr/wp-content/uploads/2026/03/Unknown.png" alt="" class="wp-image-2225 size-full" srcset="https://slvicomtais.fr/wp-content/uploads/2026/03/Unknown.png 225w, https://slvicomtais.fr/wp-content/uploads/2026/03/Unknown-150x150.png 150w" sizes="auto, (max-width: 225px) 100vw, 225px" /></figure><div class="wp-block-media-text__content">
<p></p>



<h2 class="wp-block-heading has-text-align-left has-theme-palette-1-color has-text-color has-medium-font-size"><strong><em><strong><em>U15 FILLES</em></strong></em></strong>  2026-2027</h2>



<p class="has-small-font-size"><strong>Entraineur </strong>: <br><br><strong>Entrainements :</strong> <br><br><strong>Coach </strong>: <br><br><strong>Championnat : </strong></p>



<p style="font-size:13px"></p>
</div></div>



<div class="wp-block-media-text alignwide has-media-on-the-right is-stacked-on-mobile"><div class="wp-block-media-text__content">
<h2 class="wp-block-heading has--font-size"><br><strong><mark style="background-color:rgba(0, 0, 0, 0)" class="has-inline-color has-theme-palette-1-color"><sup>U17 FILLES</sup> </mark> </strong></h2>



<p class="has-small-font-size"><strong>Entraineur </strong>: Louis Le Biavant <br><br><strong>Entrainements :</strong> <br>Mercredi : 16h30-18Hh00 <br>Vendredi : 18h00-19h30 <br><br><strong>Coach </strong>: Ludovic Guitton &#8211;</p>



<p class="has-small-font-size"><strong>Championnat : </strong>Division 1 <br>Suivez les résultats : <a href="https://www.ffhandball.fr/competitions/saison-2025-2026-21/departemental/u17f-85-27930/">Division 1 Féminine Territoriale &#8211; Calendrier et Résultats</a><br></p>



<p class="has-small-font-size"><em><span style="text-decoration: underline;">Crédit photo</span> : </em>2B &#8211; Bérénice </p>
</div><figure class="wp-block-media-text__media"><img loading="lazy" decoding="async" width="1024" height="721" src="https://slvicomtais.fr/wp-content/uploads/2026/03/16-1024x721.jpg" alt="" class="wp-image-2226 size-full" srcset="https://slvicomtais.fr/wp-content/uploads/2026/03/16-1024x721.jpg 1024w, https://slvicomtais.fr/wp-content/uploads/2026/03/16-300x211.jpg 300w, https://slvicomtais.fr/wp-content/uploads/2026/03/16-768x541.jpg 768w, https://slvicomtais.fr/wp-content/uploads/2026/03/16-1536x1082.jpg 1536w, https://slvicomtais.fr/wp-content/uploads/2026/03/16.jpg 2000w" sizes="auto, (max-width: 1024px) 100vw, 1024px" /></figure></div>



<div class="wp-block-media-text alignwide is-stacked-on-mobile"><figure class="wp-block-media-text__media"><img loading="lazy" decoding="async" width="1024" height="721" src="https://slvicomtais.fr/wp-content/uploads/2026/02/18-1024x721.jpg" alt="" class="wp-image-2175 size-full" srcset="https://slvicomtais.fr/wp-content/uploads/2026/02/18-1024x721.jpg 1024w, https://slvicomtais.fr/wp-content/uploads/2026/02/18-300x211.jpg 300w, https://slvicomtais.fr/wp-content/uploads/2026/02/18-768x541.jpg 768w, https://slvicomtais.fr/wp-content/uploads/2026/02/18-1536x1082.jpg 1536w, https://slvicomtais.fr/wp-content/uploads/2026/02/18.jpg 2000w" sizes="auto, (max-width: 1024px) 100vw, 1024px" /></figure><div class="wp-block-media-text__content">
<p class="has-theme-palette-1-color has-text-color has-link-color has-medium-font-size wp-elements-8ca81938903c573dbbdbe0954f365a99"><br><em><strong>SENIORS FILLES </strong></em></p>



<p class="has-small-font-size"><strong>Entraineur </strong>: Wilfried <br><br><strong>Entrainements :</strong> <br>Mercredi : 19h30-21h00 à la Ferrière<br>Vendredi : 19h30-21h00 à la Chaize (alternance avec les seniors garçons) <br><br><strong>Coach </strong>: Wilfried </p>



<p class="has-small-font-size"><strong>Championnat : </strong></p>



<p class="has-small-font-size">Equipe 1 : Excellence Féminine Régionale <a href="https://www.ffhandball.fr/competitions/saison-2025-2026-21/regional/excfpl-excellence-feminine-regionale-28411/">EXCELLENCE FEMININE REGIONALE Calendrier et Résultats</a></p>



<p class="has-small-font-size">Equipe 2 : 2ème Division Départementale<br>Suivez les résultats : <a href="https://www.ffhandball.fr/competitions/saison-2024-2025-20/regional/hfpl-honneur-feminine-regionale-25764/"></a><a href="https://www.ffhandball.fr/competitions/saison-2025-2026-21/regional/d2fpl-division-2-feminine-territoriale-28414/">D2fpl ; Division 2 Feminine Territoriale ; &#8211; Calendrier &amp; Résultats &#8211; Fédération Française de Handball</a></p>



<p class="has-small-font-size"><em><span style="text-decoration: underline;">Crédit photo</span> : </em>2B &#8211; Bérénice </p>
</div></div>

<p>SECTEUR FEMININ U11 FILLES Entraineur : Louis Le Biavant Entrainements : Jeudi : 17h15 à 18h15 Coach : Championnat : Non compétitif Suivez les résultats : U11f 85 &#8211; Calendrier &amp; Résultats &#8211; Fédération Française de Handball U13 FILLES Entraineur : Louis Le Biavant Entrainements : Mardi : 18h15 à 19h45Mercredi : 15h15 à 16h30 Coachs : Louis Le&#8230;</p>
